- (2 + v) - -1 a composite number?
False
Suppose -5*v + 145 + 25 = 0. Let a(m) = -m**2 + 3. Let z be a(0). Suppose 23 = z*g - v. Is g composite?
False
Is ((-5530)/(-20))/(5/2 - 2) a composite number?
True
Suppose -2*f = -3*f + 147. Let m = -56 + f. Is m a composite number?
True
Is (24/36)/((-4)/(-1842)) composite?
False
Let t(u) = -8*u**3 + 6*u**2 - 2*u + 5. Let g(s) = 23*s**3 - 17*s**2 + 5*s - 14. Let x(n) = -4*g(n) - 11*t(n). Is x(-2) a prime number?
True
Let u = -468 - -687. Let b = -145 + u. Is b a prime number?
False
Let x = 14 + 113. Is x prime?
True
Let c = 595 - -1166. Is c a composite number?
True
Suppose -141 = -2*s - 3*b + 125, 4*s + 5*b - 530 = 0. Suppose -5*y - 4*c + 559 = 0, -y - c - 18 = -s. Is y a prime number?
False
Suppose 2*y + 5*y = 189. Let c be 1/2*22 - -1. Let h = y - c. Is h prime?
False
Let z(h) = -h**2. Let c be z(0). Suppose 4*f - 3*g - 175 = c, 5*f - g = 73 + 154. Is f a composite number?
True
Let j be (5 - 2) + (-2 - 1). Suppose 4*b = -j*b. Suppose b = -8*g + 4*g, -5*o + 5*g = -1115. Is o a prime number?
True
Let v be (3 + -2)*3 + -46. Let m = v - -92. Is m composite?
True
Is 3741*((-4)/14 - 13/(-21)) a composite number?
True
Let l(o) = 2*o**2 - 10*o - 1. Is l(-9) composite?
False
Suppose 3*c = 6, 3*h - 5*c = -2*h. Let g = 9 - h. Is g a composite number?
False
Let k(j) = -26*j + 7. Let p be k(8). Is -2 - p/(0 - -3) a composite number?
True
Is (-13 + -74)*(-2)/3 a prime number?
False
Is (-1)/(4/(22940/22935) - 4) composite?
True
Suppose -4*n - 610 = -6*n - 2*m, -5*n = 3*m - 1529. Is n prime?
True
Let k = 7 + -2. Suppose k*q + 0*q = 95. Is q prime?
True
Suppose -v + 4*o - 1464 = -4351, 5*v - 4*o = 14355. Is v a prime number?
False
Let b = -472 - -156. Let z = 0 + 2. Is ((-3)/6)/(z/b) prime?
True
Suppose 4*c - g + 7 = 6*c, 0 = 3*c - 2*g. Suppose 3*p - 765 = -c*v, 0 = 3*p + 5*v - 892 + 136. Is p composite?
False
Suppose 2 = -2*q + 8. Is (q/((-9)/1347))/(-1) a prime number?
True
Let x(b) = -b**2 + 12*b. Let i be x(12). Suppose 7 = -5*c + 3*t, -3*c - 4*t + t + 15 = i. Is (474/12)/(c/2) a prime number?
True
Suppose 7*d - 3*d = 2*k - 886, -d = 4*k - 1772. Is k a composite number?
False
Let b = 10 + -12. Is (-4 - b - -13) + 0 prime?
True
Let q be 0/(-4) + 1 - 8. Is (-936)/q + 4/14 prime?
False
Let t(a) = -3*a - 5. Suppose 3*g - x = -5*x - 35, -4*g + 3*x - 5 = 0. Is t(g) a composite number?
True
Suppose 0*j + 2*j - 42 = 0. Suppose -4*s = -4*p + 36, -s = 5*p - j - 48. Is p a composite number?
False
Suppose 0 = 5*p + 2*g - 8 - 12, 0 = 5*p - g - 20. Suppose -p*l + 130 = l. Is l a composite number?
True
Let a = 127 - 209. Let p = 23 - a. Suppose 2*m + p = 5*m. Is m composite?
True
Let b(r) = -r - 1. Let q(i) = -51*i - 4. Let d = -1 + 0. Let k(v) = d*q(v) + 4*b(v). Is k(1) a prime number?
True
Let x = -3 + 5. Suppose -x*c + 387 = 3*b, -3*b - 4 = -4*c - 373. Is b a composite number?
False
Let i = 11996 + -7837. Is i prime?
True
Let o = 20 - -4. Let t be (-1)/(-4) - 135/(-4). Let x = t - o. Is x a prime number?
False
Suppose m - 378 = -3*b - 0*m, -2*m - 6 = 0. Is b a prime number?
True
Suppose 0 = 2*j - 0*j. Let d be (j/3)/(-1) - 0. Suppose -3*f + d*f + 126 = o, 0 = -5*o + 4*f + 535. Is o prime?
False
Suppose -p - 33 = 4*v, -9 = p + 5*v + 21. Let u = p + 82. Is u a prime number?
True
Let u(t) = -3*t**3 - 2*t - 3. Let f = 0 + -2. Is u(f) a composite number?
True
Suppose 4*u = -0 + 16. Suppose -8*x + 7*x + 57 = 0. Suppose -p + c + x = 0, -5*p + u*c + 239 = -44. Is p a composite number?
True
Suppose 5*d - 644 = d. Is d a prime number?
False
Let b(q) = 2*q - 3 - q + 0. Let i be b(6). Suppose i*y = -2*y + 485. Is y composite?
False
Let n = -128 - -327. Is n a prime number?
True
Let q(u) = 13*u + 3. Let p be q(3). Suppose o + 106 = 3*z, -z + o = -o - p. Is z prime?
False
Suppose -4*i + 2*w + 1518 = 4*w, -5*i - w = -1896. Is i a prime number?
True
Let d = 587 - 278. Is d a composite number?
True
Let t = 1757 - 1112. Let p = 190 + t. Is p a composite number?
True
Suppose 2*n + 3*x - 1282 = 0, -6*n - 4*x + 1925 = -3*n. Is n prime?
True
Let d(n) = n**3 + 5*n**2 + 2*n - 6. Let m(k) = -2*k**3 - 10*k**2 - 3*k + 11. Let z(y) = -11*d(y) - 6*m(y). Let j be z(-5). Let v = -7 + j. Is v a prime number?
True
Suppose 0 = -2*t + 2 + 2. Suppose 0 = -t*k + 6*k - 364. Is k composite?
True
Suppose 0*q = -q + 5*t + 179, -4*q - 5*t + 716 = 0. Is q a composite number?
False
Let u(r) = -r**3 - 9*r**2 - r - 9. Let t be u(-9). Suppose t*y - 3*y = 6. Is ((-5)/y)/((-2)/(-52)) a prime number?
False
Suppose -i - 2 = i. Let k(a) = -a**2 + 1. Let p be k(i). Is 158/6*(p - -3) prime?
True
Suppose d - w = -96 - 45, 2*d = w - 284. Is 2/4 - d/22 prime?
True
Let v(c) = -4*c + 18. Let j(a) = -3*a + 17. Let f(w) = 5*j(w) - 4*v(w). Let r = 5 - 11. Is f(r) a prime number?
True
Let t(u) = 7 + 11*u + 4*u - 2. Is t(4) prime?
False
Let r be 2/8 - 33/(-12). Suppose 4*b - a - 24 = -5*a, 26 = r*b + a. Suppose -5*l + b = -0. Is l a prime number?
True
Let p be ((-93)/3)/(1/(-10)). Suppose 5*n - 3*n - p = 0. Is n a composite number?
True
Suppose i - 220 = -4*i. Let d = -1 + 3. Suppose -2*p + i = d*p. Is p a prime number?
True
Let s be 42/12*24/21. Let l(w) = 2*w**2 + 3*w. Let g be l(-2). Suppose g*v = v + s. Is v a prime number?
False
Let m(r) = r**2 - 4*r - 10. Suppose -3*x = -l + 11, -l + 5*x = -2 - 11. Let w = -1 + l. Is m(w) a composite number?
False
Suppose 0 = d - 73 - 85. Is d prime?
False
Suppose -4 = 2*d, -2*w + 17 = -2*d - 3. Suppose -1 = w*s - 3*s + 3*a, -a - 5 = 4*s. Is (10/4)/(s/(-12)) a composite number?
True
Let v be 14/35 - 4/10. Suppose -3*h + 4*h = v. Suppose -n = 7*d - 3*d - 204, h = -d + 5*n + 51. Is d a composite number?
True
Suppose 0 = 4*r - 0*r - 1052. Is r composite?
False
Let y(h) = -47*h - 7. Is y(-12) a composite number?
False
Let t = -9 - -14. Suppose 0 = t*f - 2*w - w, -2*f - w = 0. Suppose f = 4*y + 2*a - 326, 2*y - 3*a = 2*a + 133. Is y composite?
False
Let s(p) = 102*p**2 - 4*p + 9. Is s(-4) prime?
True
Let z(p) = 5*p - 1. Let w be z(1). Suppose 4*u - 3*a = 155, 2*a - 188 = -u - w*u. Is u a prime number?
False
Let s = 345 - -1328. Is s a prime number?
False
Let s(i) = -3 - i**2 - 69*i**3 - 1 + 5. Let m be s(1). Let p = m + 102. Is p composite?
True
Let t be (-82 - 1) + 3 + -3. Let k(n) = n - 45. Let a be k(0). Let q = a - t. Is q composite?
True
Let i(j) = j**3 + 10*j**2 + 4*j + 3. Let h(w) = -w - 10. Let b be h(-6). Let n be i(b). Is -2 + n + (-1 - 1) a composite number?
False
Let m = 1602 + -929. Is m composite?
False
Suppose -3*v + 3*t + 9 = t, -7 = -4*v + t. Is v/(-3)*(-1635)/5 prime?
True
Let h(v) = v**2 + v + 37. Let i be 0*2/(-8)*2. Let n be h(i). Suppose x = 2*x - n. Is x a prime number?
True
Let r(i) = 2*i**2 + 8*i - 3. Is r(-9) a composite number?
True
Let d(b) be the first derivative of -b**4/4 + b**3/3 - b**2/2 - b - 3. Let x be d(-1). Suppose s - x*l - 125 = -2, 127 = s - 3*l. Is s composite?
True
Let j = 68 - 37. Suppose -162 = -q - j. Is q a prime number?
True
Let h(y) = 71*y**2 + 11*y - 35. Is h(7) a prime number?
False
Let i(z) = -4*z - 10. Let j be i(-7). Suppose 4*x = -8, -2*a + j = 2*a - x. Suppose -5*q + 343 = 3*c, -q = a*c + 82 - 511. Is c a composite number?
True
Let x(a) = a**2 + a + 141. Let j be x(0). Let g be j/(-6) + (-2)/(-4). Let p = g + 34. Is p a prime number?
True
Let b(j) = j. Let s be b(2). Suppose -3*v - 8 = -5*v. Is v + 3/3 + s composite?
False
Let n(a) = -a**3 + 5*a**2 + 2*a - 5. Let x be n(5). Suppose -5*k + k - j + 490 = 0, -x*j = 2*k - 254. Let l = 333 - k. Is l composite?
False
Suppose 4*p - 2*t = -3*t + 676, 190 = p - 5*t. Suppose -5*i + 1297 = 2*o, 4*o - 5*i - 2379 - p = 0. Is o prime?
True
Let m(n) = n**2 + n - 2. Let o be m(2). Suppose -5*c + 583 = -2*t, 2*t = o*t + 8. Is c a composite number?
True
Let x be 1/((3 - 0)/(-9)). Let s(l) = 9*l**2 - 2*l + 2. Is s(x) a composite number?
False
Let j(k) = 4*k - 5. Is j(10) composite?
True
Suppose -2*z = 5*k - 6023, -2*k + 756 + 1649 = 5*z. Is k a composite number?
True
Suppose -11*i = -8*i - 345. Let t = i + 274. Is t prime?
True
Let i(z) = -z + 3. Let j be i(3). Suppose j = -4*u + 2860 - 336. Is u composite?
False
Let a(d) = -2*d**2 + d + 7 + 4*d**2 - 3*d. Let t be -1 + (-4 - -1) + -2. Is a(t) prime?
False
Let y be 0 + 1 - (2 + -1). Suppose y = -2*u - 0*u - 4. Is